rue
Is 179 a factor of 639164385?
False
Is 14 a factor of 64737554?
True
Is 18215446 a multiple of 117?
False
Is 480 a factor of 55338240?
True
Does 643 divide 3730856?
False
Is 1299 a factor of 377122135?
False
Does 58 divide 253995282?
True
Is 2134 a factor of 150378498?
False
Does 7 divide 28569164?
False
Is 637 a factor of 1295666134?
False
Is 5 a factor of 17110747?
False
Does 4 divide 7264253?
False
Does 1724 divide 96302148?
False
Is 388183728 a multiple of 142?
False
Does 95 divide 2145288?
False
Is 47619716 a multiple of 45?
False
Does 855 divide 5478840?
True
Is 6 a factor of 29108562?
True
Is 3314 a factor of 412730172?
False
Is 625849227 a multiple of 2727?
True
Does 800 divide 11745730?
False
Does 57 divide 3395725524?
True
Does 67 divide 70823623?
True
Is 78 a factor of 31043741?
False
Is 3 a factor of 53122568?
False
Is 3024 a factor of 352225245?
False
Is 289 a factor of 143949744?
True
Is 13 a factor of 2803312991?
False
Does 12 divide 3046477056?
True
Is 167579695 a multiple of 1452?
False
Does 24 divide 4181586024?
True
Does 682 divide 1082287996?
False
Is 197480292 a multiple of 6?
True
Is 120233401 a multiple of 20?
False
Is 317 a factor of 32072934?
False
Is 2153280 a multiple of 10?
True
Is 30247721 a multiple of 1572?
False
Is 17 a factor of 118778435?
False
Is 3600 a factor of 1182730332?
False
Is 83 a factor of 82369532?
True
Is 714 a factor of 960058680?
True
Is 44941532 a multiple of 4?
True
Is 55559533 a multiple of 1147?
True
Is 41901946 a multiple of 17?
False
Is 2 a factor of 178257525?
False
Does 6 divide 25274016?
True
Does 113 divide 1526332471?
True
Is 9 a factor of 35163951?
False
Does 1679 divide 1491071209?
True
Does 6 divide 4077642?
True
Does 116 divide 90421510?
False
Does 6859 divide 36887702?
True
Is 13 a factor of 2607994?
False
Is 461 a factor of 750649066?
True
Is 286296531 a multiple of 13?
False
Is 705220208 a multiple of 22?
True
Is 56956388 a multiple of 273?
False
Is 22 a factor of 10084495?
False
Is 144 a factor of 142367401?
False
Does 1074 divide 96891984?
True
Is 15 a factor of 133137923?
False
Is 23125465 a multiple of 1111?
True
Is 427 a factor of 126240677?
False
Is 19 a factor of 413290033?
True
Does 463 divide 525758261?
True
Does 6 divide 63681522?
True
Does 8 divide 490732210?
False
Is 624752630 a multiple of 3365?
True
Is 161510835 a multiple of 2283?
True
Is 2408836350 a multiple of 75?
True
Is 4 a factor of 8150941?
False
Does 760 divide 8728011?
False
Is 7 a factor of 149854061?
True
Is 66881979 a multiple of 3217?
False
Does 9 divide 1756317543?
False
Is 72233465 a multiple of 491?
True
Is 2640609191 a multiple of 6033?
False
Does 739 divide 26169468?
True
Is 214799889 a multiple of 120?
False
Is 86024447 a multiple of 109?
False
Does 556 divide 646967610?
False
Does 432 divide 10975824?
True
Is 9015791 a multiple of 397?
False
Does 12188 divide 6937359501?
False
Is 997093656 a multiple of 306?
True
Is 1156 a factor of 309835764?
False
Does 5 divide 25425925?
True
Is 15 a factor of 1868150445?
True
Is 21 a factor of 81743070?
False
Does 124 divide 32791103?
False
Is 736 a factor of 602905921?
False
Is 42448932 a multiple of 34?
True
Does 97 divide 33254972?
False
Is 778944141 a multiple of 38?
False
Does 22 divide 1447578?
True
Does 40 divide 92994820?
False
Is 14569138 a multiple of 20?
False
Is 41 a factor of 6692697?
False
Does 16 divide 13651184?
True
Is 17120107 a multiple of 548?
False
Does 2669 divide 59510693?
True
Is 604 a factor of 190562511?
False
Is 993 a factor of 33222981?
False
Is 147620060 a multiple of 14?
True
Is 39463218 a multiple of 1098?
True
Is 38600316 a multiple of 1885?
False
Is 189575795 a multiple of 3?
False
Is 96 a factor of 23769504?
True
Is 310740313 a multiple of 432?
False
Does 1445 divide 1217718849?
False
Is 262 a factor of 361164642?
True
Is 597114896 a multiple of 16?
True
Does 240 divide 848993591?
False
Is 1456 a factor of 19707862?
False
Is 266290155 a multiple of 179?
False
Is 240 a factor of 27866962?
False
Is 17126448 a multiple of 228?
True
Does 270 divide 37173534?
False
Is 500775056 a multiple of 59?
False
Is 52869066 a multiple of 183?
True
Does 9 divide 7142400?
True
Is 92 a factor of 128889424?
True
Is 157 a factor of 112118262?
False
Is 63083514 a multiple of 78?
True
Is 8 a factor of 54121748?
False
Does 226 divide 293995831?
False
Is 24097320 a multiple of 60?
True
Is 5134 a factor of 2651654526?
True
Is 76 a factor of 6655928?
True
Is 473323777 a multiple of 19?
False
Is 100568659 a multiple of 67?
False
Is 403 a factor of 1505712377?
True
Is 247537818 a multiple of 1322?
False
Does 2123 divide 1956544893?
False
Is 40530024 a multiple of 8?
True
Does 8 divide 1723610?
False
Does 32 divide 5352090?
False
Is 1186 a factor of 5799793?
False
Is 39227848 a multiple of 8?
True
Does 626 divide 669240864?
False
Is 132478735 a multiple of 20?
False
Does 74 divide 1104258222?
False
Is 21381197 a multiple of 10?
False
Is 31957199 a multiple of 3?
False
Is 953560056 a multiple of 582?
False
Does 322 divide 3078819422?
True
Is 1390269011 a multiple of 480?
False
Is 641 a factor of 1630167231?
False
Is 63222557 a multiple of 38?
False
Does 7899 divide 939488970?
False
Is 10417021 a multiple of 91?
False
Does 4 divide 10276291?
False
Is 890807396 a multiple of 1246?
False
Does 292 divide 15954274?
False
Is 32 a factor of 212658500?
False
Is 40 a factor of 127479360?
True
Is 233312820 a multiple of 20?
True
Does 6 divide 245047626?
True
Does 16 divide 136641664?
True
Is 13 a factor of 90252065?
False
Is 5 a factor of 498314?
False
Is 17645130 a multiple of 1733?
False
Does 31 divide 34093358?
False
Does 18 divide 76962438?
True
Is 147680000 a multiple of 3692?
True
Is 61039434 a multiple of 9?
False
Does 51 divide 349002092?
False
Is 1036 a factor of 822410040?
False
Does 6 divide 21554127?
False
Does 7285 divide 1911548465?
False
Is 67 a factor of 23570334?
False
Does 10 divide 31832399?
False
Is 5432612917 a multiple of 15?
False
Is 7484840358 a multiple of 40?
False
Is 424788734 a multiple of 36?
False
Does 134 divide 11799730?
False
Does 3 divide 125156820?
True
Does 224 divide 3141356?
False
Does 12 divide 65143588?
False
Does 1210 divide 39301293?
False
Is 605264460 a multiple of 352?
False
Is 280604325 a multiple of 188?
False
Is 3421448514 a multiple of 22?
True
Does 114 divide 188119565?
False
Is 999682672 a multiple of 23?
True
Does 431 divide 20107874?
True
Is 51 a factor of 64332216?
True
Does 755 divide 211799395?
True
Is 3624 a factor of 974714664?
True
Does 84 divide 661347390?
False
Does 268 divide 608092?
True
Is 93 a factor of 25782647?
False
Does 54 divide 404282682?
False
Does 23 divide 59612688?
True
Does 326 divide 52188688?
True
Does 142 divide 229174124?
False
Does 4 divide 51745657?
False
Is 5 a factor of 794660782?
False
Is 153112489 a multiple of 3858?
False
Is 6968 a factor of 1826772688?
True
Does 47 divide 574604845?
True
Is 21806328 a multiple of 12?
True
Does 7 divide 36754132?
False
Is 100986020 a multiple of 5?
True
Is 41123694 a multiple of 80?
False
Is 106240528 a multiple of 976?
True
Is 1516 a factor of 47657396?
False
Does 574 divide 50286961?
False
Is 112445696 a multiple of 352?
True
Is 183 a factor of 752458674?
False
Is 118 a factor of 60994790?
True
Does 888 divide 890457096?
True
Is 4 a factor of 1823016?
True
Is 93 a factor of 211346778?
True
Is 1833683984 a multiple of 1228?
True
Is 238 a factor of 301641368?
False
Is 4215804502 a multiple of 13?
True
Is 3348 a factor of 10318536?
True
Is 740 a factor of 78496497?
False
Does 75 divide 13269124?
False
Is 3097250838 a multiple of 33?
True
Is 201006459 a multiple of 918?
False
Does 26 divide 180087882?
True
Does 349 divide 32234972?
False
Is 68 a factor of 10657368?
True
Is 2867 a factor of 25336077?
False
Does 1897 divide 314751051?
False
Is 4 a factor of 235144604?
True
Does 258 divide 16180212?
True
Does 71 divide 90529970?
True
Is 749463513 a multiple of 3043?
True
Is 61594194 a multiple of 19?
False
Is 4206 a factor of 5855710968?
True
Is 39 a factor of 1018892862?
True
Does 1095 divide 404821400?
False
Is 250494009 a multiple of 2385?
False
Is 2773282242 a multiple of 743?
False
Is 24517095 a multiple of 2?
False
Is 163624768 a multipl